f 5013251.
97, 51683
What are the prime factors of 804683?
11, 191, 383
List the prime factors of 5560952.
2, 37, 18787
What are the prime factors of 537728?
2, 4201
What are the prime factors of 13819628?
2, 79, 101, 433
List the prime factors of 1152010.
2, 5, 115201
What are the prime factors of 139349?
7, 17, 1171
What are the prime factors of 711729?
3, 31, 2551
List the prime factors of 1451355.
3, 5, 96757
What are the prime factors of 5240959?
5240959
What are the prime factors of 1671608?
2, 223, 937
List the prime factors of 27254458.
2, 7, 11, 176977
List the prime factors of 685836.
2, 3, 19051
What are the prime factors of 436586?
2, 23, 9491
List the prime factors of 1094210.
2, 5, 13, 19, 443
What are the prime factors of 8575933?
31, 67, 4129
List the prime factors of 2358786.
2, 3, 131, 3001
What are the prime factors of 7925502?
2, 3, 13, 17, 43, 139
What are the prime factors of 5899733?
7, 842819
What are the prime factors of 800756?
2, 11, 18199
List the prime factors of 878303.
67, 13109
List the prime factors of 58195.
5, 103, 113
List the prime factors of 11149673.
11149673
List the prime factors of 2175567.
3, 725189
What are the prime factors of 432338?
2, 113, 1913
What are the prime factors of 3301656?
2, 3, 47, 2927
What are the prime factors of 4086924?
2, 3, 340577
List the prime factors of 169684.
2, 59, 719
List the prime factors of 11019646.
2, 11, 257, 1949
List the prime factors of 161590.
2, 5, 11, 13, 113
What are the prime factors of 3039599?
179, 16981
What are the prime factors of 158909?
158909
What are the prime factors of 560216?
2, 239, 293
List the prime factors of 4633994.
2, 23, 131, 769
What are the prime factors of 287175?
3, 5, 7, 547
List the prime factors of 425172.
2, 3, 11, 3221
List the prime factors of 243243.
3, 7, 11, 13
List the prime factors of 21467366.
2, 29, 12763
List the prime factors of 3103925.
5, 11, 11287
What are the prime factors of 5477383?
17, 43, 59, 127
List the prime factors of 3521476.
2, 7, 31, 4057
List the prime factors of 126530.
2, 5, 12653
What are the prime factors of 6173687?
13, 474899
What are the prime factors of 10262734?
2, 5131367
What are the prime factors of 9965431?
7, 53, 26861
List the prime factors of 1649789.
19, 31, 2801
List the prime factors of 1625992.
2, 203249
List the prime factors of 808121.
191, 4231
List the prime factors of 3773693.
7, 11, 49009
List the prime factors of 1780142.
2, 7, 13, 9781
List the prime factors of 2781124.
2, 695281
List the prime factors of 805008.
2, 3, 31, 541
What are the prime factors of 1384560?
2, 3, 5, 641
What are the prime factors of 224410?
2, 5, 22441
What are the prime factors of 10558622?
2, 5279311
What are the prime factors of 9640143?
3, 113, 9479
List the prime factors of 23985969.
3, 7, 131, 8719
What are the prime factors of 8205613?
13, 337, 1873
List the prime factors of 853407.
3, 94823
What are the prime factors of 1199121?
3, 7, 11, 29, 179
List the prime factors of 20218.
2, 11, 919
List the prime factors of 206314.
2, 43, 2399
What are the prime factors of 27541?
27541
What are the prime factors of 331299?
3, 131, 281
List the prime factors of 5386528.
2, 7, 139, 173
What are the prime factors of 1654554?
2, 3, 11, 43, 53
What are the prime factors of 3487252?
2, 31, 28123
What are the prime factors of 19210576?
2, 7, 11, 31, 503
List the prime factors of 5067157.
313, 16189
List the prime factors of 10382436.
2, 3, 19, 43, 353
List the prime factors of 180285.
3, 5, 7, 17, 101
List the prime factors of 5321536.
2, 11, 7559
List the prime factors of 901774.
2, 450887
List the prime factors of 364611.
3, 13, 9349
List the prime factors of 13352890.
2, 5, 1335289
List the prime factors of 8793599.
19, 24359
What are the prime factors of 451382?
2, 269, 839
What are the prime factors of 3951798?
2, 3, 658633
List the prime factors of 2388062.
2, 1194031
List the prime factors of 8234221.
139, 59239
List the prime factors of 191570.
2, 5, 19157
List the prime factors of 4135009.
23, 37, 43, 113
What are the prime factors of 3753620?
2, 5, 13, 14437
List the prime factors of 67636.
2, 37, 457
What are the prime factors of 226657?
226657
List the prime factors of 516128.
2, 127
What are the prime factors of 22476393?
3, 223, 3733
What are the prime factors of 97165?
5, 19433
List the prime factors of 16328419.
61, 267679
What are the prime factors of 1885643?
89, 21187
List the prime factors of 119830.
2, 5, 23, 521
List the prime factors of 1798866.
2, 3, 37, 73
What are the prime factors of 221743?
23, 31, 311
What are the prime factors of 4220861?
4220861
List the prime factors of 2010190.
2, 5, 7, 13, 47
List the prime factors of 2969078.
2, 7, 29, 71, 103
List the prime factors of 617739.
3, 205913
List the prime factors of 783890.
2, 5, 43, 1823
What are the prime factors of 24513031?
17, 367, 3929
List the prime factors of 120281.
7, 17183
List the prime factors of 8678527.
11, 13, 60689
List the prime factors of 12701878.
2, 7, 31, 37, 113
What are the prime factors of 3363218?
2, 193, 8713
List the prime factors of 615549.
3, 11, 23, 811
List the prime factors of 250399.
241, 1039
What are the prime factors of 784038?
2, 3, 149, 877
What are the prime factors of 413595?
3, 5, 7, 13, 101
What are the prime factors of 599650?
2, 5, 67, 179
What are the prime factors of 1174860?
2, 3, 5, 61, 107
What are the prime factors of 23199723?
3, 859249
What are the prime factors of 1584637?
199, 7963
What are the prime factors of 1253378?
2, 7, 89527
What are the prime factors of 28168481?
11, 1433, 1787
List the prime factors of 1031890.
2, 5, 19, 5431
What are the prime factors of 200852?
2, 149, 337
List the prime factors of 8081977.
347, 23291
What are the prime factors of 236594?
2, 118297
What are the prime factors of 546852?
2, 3, 199, 229
List the prime factors of 151678.
2, 181, 419
List the prime factors of 937999.
751, 1249
What are the prime factors of 238253?
89, 2677
List the prime factors of 3274702.
2, 227, 7213
List the prime factors of 242329.
242329
What are the prime factors of 17692167?
3, 5897389
What are the prime factors of 236812?
2, 73, 811
List the prime factors of 274949.
19, 29, 499
List the prime factors of 3081277.
197, 15641
List the prime factors of 690861.
3, 421, 547
List the prime factors of 880539.
3, 11, 26683
What are the prime factors of 4431190?
2, 5, 347, 1277
List the prime factors of 11569026.
2, 3, 7, 275453
List the prime factors of 2739890.
2, 5, 17, 71, 227
List the prime factors of 25325403.
3, 8441801
What are the prime factors of 25827574?
2, 19, 23, 29, 1019
List the prime factors of 286980.
2, 3, 5, 4783
What are the prime factors of 3222195?
3, 5, 113, 1901
List the prime factors of 5618544.
2, 3, 117053
What are the prime factors of 682155?
3, 5, 31, 163
List the prime factors of 66535.
5, 7, 1901
List the prime factors of 285266.
2, 19, 7507
What are the prime factors of 304660?
2, 5, 15233
What are the prime factors of 17228178?
2, 3, 11, 87011
What are the prime factors of 440630?
2, 5, 139, 317
List the prime factors of 3681740.
2, 5, 184087
What are the prime factors of 516022?
2, 13, 89, 223
List the prime factors of 141977.
11, 12907
List the prime factors of 3013189.
59, 51071
List the prime factors of 2637687.
3, 13, 47, 1439
List the prime factors of 6214190.
2, 5, 621419
What are the prime factors of 9497360?
2, 5, 118717
What are the prime factors of 3751515?
3, 5, 59, 157
List the prime factors of 1904195.
5, 380839
What are the prime factors of 10370986?
2, 17, 305029
What are the prime factors of 619858?
2, 309929
What are the prime factors of 235126?
2, 117563
What are the prime factors of 500143?
7, 59, 173
List the prime factors of 2057516.
2, 514379
What are the prime factors of 11935471?
587, 20333
List the prime factors of 14598714.
2, 3, 13, 187163
What are the prime factors of 29548342?
2, 139, 157, 677
What are the prime factors of 116448?
2, 3, 1213
What are the prime factors of 12874425?
3, 5, 171659
What are the prime factors of 315158?
2, 157579
List the prime factors of 4658663.
17, 43, 6373
List the prime factors of 586189.
586189
List the prime factors of 345818.
2, 11, 1429
What are the prime factors of 